-7)?
2, 3
List the prime factors of (1 + 118/4)/(22/1364).
31, 61
Suppose -5 + 3 = -t. Let o = 15 + -11. Suppose t*k = 5*q - 4*q + 46, o*k = -4*q + 116. List the prime factors of k.
5
Let a(w) = -8*w + 6. Let z(g) be the second derivative of 3*g**3/2 - 7*g**2/2 + 2*g. Let u(h) = -6*a(h) - 5*z(h). List the prime factors of u(1).
2
Suppose -4*q = -0*q - 304. List the prime factors of q.
2, 19
Let i = 12 - -24. What are the prime factors of i?
2, 3
Let o(b) = 341*b**2 + 5*b - 2. List the prime factors of o(-1).
2, 167
Suppose 2*s = -2*s + 12. Suppose -b - 76 = -2*u, -3*u + 2*u + 24 = s*b. List the prime factors of u.
2, 3
Let b(n) = -n**3 + 18*n**2 + 21*n + 4. Let u be b(19). Let h = 100 - u. List the prime factors of h.
2, 29
Let f(b) = b**3 - 10*b**2 - 9*b + 2. Let k be f(11). Let g be 6/(k/100)*-3. What are the prime factors of ((-60)/g)/((-2)/(-10))?
2
Let m = 315 - -949. What are the prime factors of m?
2, 79
What are the prime factors of (-3 - 130)*-1*15?
3, 5, 7, 19
Let x = 139 - 131. Suppose 0 = x*h - 2117 + 413. List the prime factors of h.
3, 71
Suppose -2*r + g = -5, 6 = 3*r - 3*g - 3. Let a = 4 - r. Let l = 4 - a. List the prime factors of l.
2
Suppose 0 = -2*i + 4, 0 = 4*n + 2*i + i - 38. Let k(o) = 2*o**3 - 14*o**2 + o - 8. List the prime factors of k(n).
2
Suppose 0 = 2*m - 4*g - 1997 - 1071, 0 = 3*m + 5*g - 4591. What are the prime factors of m?
2, 383
Suppose 0 = -3*v + 16 + 11. Let z be (-4)/6 + (-318)/v. List the prime factors of -3*4/z*45.
3, 5
Let o be 0 - (-12 - (0 + -1)). Let j = -47 - -14. What are the prime factors of o/j*3*-38?
2, 19
Suppose -14*s + 62 = -15*s. Let v = 217 + s. Suppose -5*w + 90 = 2*x, 4*x + 4*w - 25 = v. What are the prime factors of x?
3, 5
Suppose -647*x = -646*x - 523. What are the prime factors of x?
523
Let g be (-12)/60 - 32/(-10). Suppose -3*q = q + 2*b - 56, 3*q = -g*b + 48. List the prime factors of q.
2, 3
Suppose 0 = -h + 4*h - 15. Let s = -29 + 63. Suppose h*j + 56 = 4*v, v - s = -j - 11. What are the prime factors of v?
19
Suppose 8*j = -846 + 3294. List the prime factors of j.
2, 3, 17
Suppose 2*o + 4*j - 1390 = 2*j, -2081 = -3*o - 2*j. List the prime factors of o.
691
Let s = 1410 - -1484. List the prime factors of s.
2, 1447
List the prime factors of (-9832)/(-18) - 15/1620*24.
2, 3, 7, 13
Suppose -f + 1925 = -5*g, -g + 162 = -3*f + 5951. What are the prime factors of f?
2, 5, 193
Suppose 0 = 3*d - 4*d + v + 17, -3*d = v - 43. Suppose -3*y + 0*y = -d. Suppose -6*o + y + 13 = 0. What are the prime factors of o?
3
Let r = -2762 + 4530. What are the prime factors of r?
2, 13, 17
Let m(a) = 17*a**2 + 1. Let r be m(3). Let p be (-4)/10 - r/(-35). Suppose 6 = 3*c + 2*v - 91, 5*v = c - p. List the prime factors of c.
29
Let g(d) = -135*d - 3. Suppose 1 = -4*x - 3. List the prime factors of g(x).
2, 3, 11
Let p(j) be the third derivative of -j**6/120 + j**5/12 - j**4/24 + j**2. Let b be p(4). Suppose b*h + 162 = 15*h. What are the prime factors of h?
2, 3
Let a be (6 - 3) + 0 - -17. Suppose -6*z = -3*z - 5*q + a, 0 = 4*z + 5*q - 20. Suppose 0*f - f + 24 = z. What are the prime factors of f?
2, 3
Suppose -4005 = -x + 1020. List the prime factors of 2/(-3) - (x/9)/(-5).
3, 37
Suppose -172 - 55 = -3*m - 2*z, 4*z = -8. Suppose -m = -2*s - 5. What are the prime factors of s?
2, 3
Let b = 4 + 1. Suppose 5*w = 20 + b. Suppose -5*r = 0, -w*r - 7 = -5*p + 8. What are the prime factors of p?
3
Suppose -5*x - 9 = -19. What are the prime factors of x*((-338)/(-4) + -4)?
7, 23
Suppose 0 = -5*t + 2*a + 508, -3*t + 404 = 4*a + 120. What are the prime factors of t?
2, 5
Let u = -11 + 42. Let y = -13 + -6. Let v = u + y. What are the prime factors of v?
2, 3
Let o(v) = 5 + 20*v + 4*v + 9*v. What are the prime factors of o(2)?
71
Let a = 248 + -27. List the prime factors of a.
13, 17
Suppose -4*q + 40 = -12*q. Let m(w) = 7*w**2 - 8*w + 11. What are the prime factors of m(q)?
2, 113
Let z(y) = 239*y - 40. List the prime factors of z(2).
2, 3, 73
Suppose 0 = 6*a - 5174 + 284. List the prime factors of a.
5, 163
Let k(b) be the first derivative of b**4/4 + 4*b**3/3 + 3*b**2/2 + 4*b + 12. Let i be k(-4). List the prime factors of (32/(-2))/(i/20).
2, 5
Suppose 7*q - 8617 - 42 = 0. List the prime factors of q.
1237
Suppose -5*k + 3746 = 4*b, -5*b = -3*k - 2626 - 2075. List the prime factors of b.
3, 313
What are the prime factors of (5 + (-27)/2)*-60?
2, 3, 5, 17
Let f(b) = b**3 - 6*b**2 + b - 8. Let d be f(6). List the prime factors of 192 + 0 + 7 + (d - 7).
2, 5, 19
Let n(a) = -a. Let r(m) = 2*m**2 - 11*m + 8. Let q(y) = 2*n(y) + r(y). List the prime factors of q(7).
3, 5
Suppose -2631 + 615 = -4*r. Suppose -2*j = -8*j + r. What are the prime factors of j?
2, 3, 7
Let c = -1472 + 2949. What are the prime factors of c?
7, 211
Let z(t) = 4*t**2 + 4*t**2 - 7*t + 6 - t**3 - t**2 + t**2. Suppose -5*y = 4*v - 50, -4*v + 1 = -4*y + v. List the prime factors of z(y).
2, 3
Suppose -12 = -2*f + y - 1, -5*y = -2*f + 7. Let j = -5 + f. Suppose -2*p = -3*u - j, -5*p + 0*u = -4*u - 20. List the prime factors of p.
2
Suppose -4*h = 2*v + 6, -4*h - 4*v + 8 = -h. What are the prime factors of h/(-6)*126/28?
3
Let b(h) = -h**2. Let u(c) = c**3 + 18*c**2 + 18*c - 1. Let r(g) = 3*b(g) + u(g). What are the prime factors of r(-13)?
103
Suppose 5*p + 3*s - 1199 = 0, 3*p = 5*p + s - 479. List the prime factors of p.
2, 7, 17
Suppose -623 = 4*j - 1807. List the prime factors of j.
2, 37
Let s be (-5*3)/(6 - 7). Suppose 357 - s = 9*f. What are the prime factors of f?
2, 19
Let j = 5 + -1. Suppose -25 = -5*p, -4*v - 105 = v + j*p. Let n = v - -53. List the prime factors of n.
2, 7
Let r be (-593)/(-7) + 1 + (-30)/(-105). Let l = r - 47. What are the prime factors of l?
3, 13
Let x(r) = r**2 + r - 1. Let y be (-6)/4*(-20)/30. Let i(d) = 6*d**2 - 8. Let p(s) = y*i(s) - 4*x(s). What are the prime factors of p(5)?
2, 13
Suppose 4*d - 3*d = -3*q + 11, -3*d - 4*q + 28 = 0. Suppose d*x = 12*x - 20. Suppose -3*g = -x*g + 140. List the prime factors of g.
2, 5, 7
Let q = -318 - 120. List the prime factors of (-3 + 20/6)/((-2)/q).
73
Suppose 7*r + 16 = 2. Let c(y) = 23*y**2 - 4*y - 3. What are the prime factors of c(r)?
97
Let g(i) = -i + 7. Let z be g(5). Let q(f) = 8*f**2 + 3*f - 6. What are the prime factors of q(z)?
2
Suppose 21 = -7*d + 14*d. Suppose -27 = -t + 4*s, t + 3*s + 5 = -d. What are the prime factors of t?
7
Let g(i) = 55*i - 1. Let p be g(-2). Let v be 6/(-16)*2*16. What are the prime factors of (-5)/20 + p/v?
3
What are the prime factors of (-9)/6*-1*5530/21?
5, 79
Let k = 4691 + -3220. What are the prime factors of k?
1471
Let z(n) = 27*n**2 - 1. Let x be z(1). Let m be -15 + x + 3*-1. Suppose 0 = -m*v + 3*v + 190. List the prime factors of v.
2, 19
Suppose -1908 = -8*l - 4*l. List the prime factors of l.
3, 53
Suppose 0 = -3*m + 4*g + 35, 6*m - 2*g - 35 = m. Suppose m*v - 2*v - 750 = 0. List the prime factors of v.
2, 5
Let z(a) = a**2 - a + 1. Let w(x) = 4*x**2 + 2*x + 4. Let d(q) = -w(q) + 5*z(q). Let j = 19 - 11. List the prime factors of d(j).
3
Let m be -4*(-2 - 1/(-2)). Let t(p) = -5*p**2 + 69*p + 24. Let v be t(14). Suppose s - m*s = -v. List the prime factors of s.
2
Let p(a) = 2*a + 71. Let l be p(0). Suppose -z + l = w - 3*z, -5*z + 325 = 5*w. List the prime factors of w.
67
Suppose 0 = -2*v + g - 2*g + 1501, 3*g + 2229 = 3*v. List the prime factors of v.
2, 11, 17
Suppose -2*d + 7 = 3. Suppose -2 = d*c - 2*l, -2*l + 8 = -0*l. Suppose 3*s - i + 0*i = 199, s - 77 = c*i. What are the prime factors of s?
5, 13
Suppose 0 = -3*t + 6 + 9. List the prime factors of (35 - 2) + 0 + (2 - t).
2, 3, 5
Let q(d) = -d**3 - 6*d**2 - 8*d + 3. Let p be q(-4). Suppose 2*a = p*a - 68. List the prime factors of a.
2, 17
Suppose 14 = 3*x + 2. Suppose -2*m - 2*a - a = -63, -m + 15 = -x*a. Suppose h - 13 = 3*d + 6, 3*h - 3*d = m. List the prime factors of h.
2
Let t(h) = 4*h - 6. Let i be 44/14 - 2/14. Let b be t(i). What are the prime factors of 4/b*(-1974)/(-28)?
47
Let p(k) be the first derivative of k**5/20 - k**4/12 - 5*k**3/6 + k**2 - 6*k - 4. Let l(o) be the first derivative of p(o). What are the prime factors of l(3)?
5
Suppose 3*n + 4 = l, -2*l + 3 = -3*n - 5. Suppose n = -r - 0*r + 5. Let k = 8 + r. List the prime factors of k.
13
L